09
List the prime factors of 4351659.
3, 13, 111581
What are the prime factors of 728290?
2, 5, 67, 1087
List the prime factors of 5806321.
109, 53269
What are the prime factors of 405968?
2, 25373
List the prime factors of 33973.
53, 641
What are the prime factors of 5138889?
3, 7, 107, 2287
What are the prime factors of 1229392?
2, 76837
What are the prime factors of 25017920?
2, 5, 37, 2113
What are the prime factors of 1590430?
2, 5, 89, 1787
List the prime factors of 6022140.
2, 3, 5, 29, 3461
What are the prime factors of 541120?
2, 5, 19, 89
List the prime factors of 739128.
2, 3, 13, 23, 103
List the prime factors of 768575.
5, 71, 433
List the prime factors of 140395.
5, 43, 653
List the prime factors of 621996.
2, 3, 17, 3049
What are the prime factors of 247718?
2, 29, 4271
What are the prime factors of 7593?
3, 2531
List the prime factors of 511765.
5, 19, 5387
What are the prime factors of 652984?
2, 31, 2633
What are the prime factors of 16567113?
3, 31, 178141
List the prime factors of 2577926.
2, 13, 29, 263
List the prime factors of 246494.
2, 37, 3331
List the prime factors of 20369.
20369
What are the prime factors of 17811?
3, 1979
List the prime factors of 361502.
2, 180751
What are the prime factors of 192515?
5, 139, 277
What are the prime factors of 7188528?
2, 3, 31, 4831
List the prime factors of 1255689.
3, 46507
List the prime factors of 219651.
3, 211, 347
What are the prime factors of 250991?
13, 43, 449
What are the prime factors of 2293415?
5, 458683
List the prime factors of 667070.
2, 5, 41, 1627
List the prime factors of 13841626.
2, 37, 187049
List the prime factors of 214064.
2, 17, 787
What are the prime factors of 4240117?
7, 86533
List the prime factors of 7143171.
3, 7, 48593
List the prime factors of 8540365.
5, 97, 17609
What are the prime factors of 125991?
3, 13999
What are the prime factors of 789769?
17, 46457
What are the prime factors of 184447?
184447
List the prime factors of 5104826.
2, 2552413
What are the prime factors of 198597?
3, 7, 193
List the prime factors of 1113210.
2, 3, 5, 7, 19, 31
List the prime factors of 6456548.
2, 7, 293, 787
What are the prime factors of 24032725?
5, 449, 2141
List the prime factors of 204696.
2, 3, 2843
List the prime factors of 353209.
17, 79, 263
What are the prime factors of 14938939?
73, 113, 1811
What are the prime factors of 3225617?
461, 6997
What are the prime factors of 2520379?
2520379
List the prime factors of 1285620.
2, 3, 5, 7, 3061
What are the prime factors of 4000231?
29, 271, 509
List the prime factors of 301109.
353, 853
What are the prime factors of 30952042?
2, 11, 79, 1619
List the prime factors of 336533.
336533
List the prime factors of 8794094.
2, 4397047
List the prime factors of 5902128.
2, 3, 17, 2411
List the prime factors of 577871.
7, 31, 2663
List the prime factors of 93521.
41, 2281
List the prime factors of 504054.
2, 3, 41, 683
What are the prime factors of 4822748?
2, 7, 41, 4201
What are the prime factors of 1944122?
2, 71, 13691
What are the prime factors of 936513?
3, 17, 6121
List the prime factors of 3076627.
809, 3803
List the prime factors of 440369.
419, 1051
List the prime factors of 572809.
191, 2999
What are the prime factors of 83961?
3, 19, 491
What are the prime factors of 2163196?
2, 7, 23, 3359
List the prime factors of 4068457.
17, 89, 2689
What are the prime factors of 6634703?
97, 68399
List the prime factors of 1375487.
17, 80911
List the prime factors of 4697425.
5, 187897
What are the prime factors of 6192202?
2, 53, 58417
List the prime factors of 5369525.
5, 7, 61, 503
List the prime factors of 142169.
142169
What are the prime factors of 279642?
2, 3, 11, 19, 223
List the prime factors of 666919.
11, 19, 3191
List the prime factors of 150069.
3, 50023
What are the prime factors of 5134648?
2, 661, 971
List the prime factors of 3937265.
5, 163, 4831
List the prime factors of 20600416.
2, 37, 127, 137
What are the prime factors of 424431?
3, 7, 6737
What are the prime factors of 3434365?
5, 11, 41, 1523
List the prime factors of 2004839.
2004839
List the prime factors of 1155692.
2, 59, 83
List the prime factors of 445901.
23, 19387
List the prime factors of 7580.
2, 5, 379
List the prime factors of 1880657.
1880657
List the prime factors of 3808608.
2, 3, 97, 409
List the prime factors of 4729040.
2, 5, 59113
What are the prime factors of 340551?
3, 12613
What are the prime factors of 234013?
13, 47, 383
List the prime factors of 4728338.
2, 251, 9419
List the prime factors of 19014074.
2, 9507037
What are the prime factors of 175106?
2, 87553
List the prime factors of 15522.
2, 3, 13, 199
List the prime factors of 401035.
5, 80207
What are the prime factors of 629326?
2, 23, 13681
List the prime factors of 5916384.
2, 3, 20543
List the prime factors of 1297903.
103, 12601
What are the prime factors of 839492?
2, 29, 7237
List the prime factors of 263310.
2, 3, 5, 67, 131
List the prime factors of 6382853.
433, 14741
List the prime factors of 4136951.
7, 13, 269
List the prime factors of 127390.
2, 5, 12739
What are the prime factors of 24458036?
2, 17, 37, 9721
What are the prime factors of 4225966?
2, 229, 9227
List the prime factors of 3863240.
2, 5, 96581
What are the prime factors of 8071625?
5, 31, 2083
List the prime factors of 6429860.
2, 5, 37, 8689
List the prime factors of 582488.
2, 17, 4283
What are the prime factors of 753083?
17, 31, 1429
What are the prime factors of 319268?
2, 79817
List the prime factors of 5520998.
2, 7, 394357
What are the prime factors of 5621304?
2, 3, 13, 43, 419
List the prime factors of 6376539.
3, 13, 12577
What are the prime factors of 554124?
2, 3, 61, 757
List the prime factors of 231503.
231503
List the prime factors of 3980827.
3980827
What are the prime factors of 169922?
2, 84961
What are the prime factors of 1824011?
7, 260573
What are the prime factors of 5257400?
2, 5, 97, 271
List the prime factors of 267257.
17, 79, 199
List the prime factors of 399501.
3, 44389
List the prime factors of 1931070.
2, 3, 5, 59, 1091
What are the prime factors of 19135?
5, 43, 89
List the prime factors of 455664.
2, 3, 11, 863
What are the prime factors of 5600623?
7, 800089
List the prime factors of 1753294.
2, 876647
What are the prime factors of 640707?
3, 41, 5209
List the prime factors of 1198123.
1198123
What are the prime factors of 623637?
3, 7, 19, 521
What are the prime factors of 35624025?
3, 5, 158329
What are the prime factors of 2070773?
47, 44059
What are the prime factors of 454940?
2, 5, 23, 43
What are the prime factors of 37884?
2, 3, 7, 11, 41
List the prime factors of 2027382.
2, 3, 7, 48271
What are the prime factors of 1446614?
2, 13, 55639
What are the prime factors of 1396834?
2, 698417
List the prime factors of 4669.
7, 23, 29
List the prime factors of 3479514.
2, 3, 439, 1321
What are the prime factors of 17415783?
3, 7, 11, 8377
List the prime factors of 268340.
2, 5, 13417
List the prime factors of 245976.
2, 3, 37, 277
List the prime factors of 10049199.
3, 3349733
List the prime factors of 476413.
7, 68059
What are the prime factors of 436998?
2, 3, 173, 421
What are the prime factors of 522082?
2, 11, 19, 1249
List the prime factors of 2896318.
2, 379, 3821
What are the prime factors of 1304093?
7, 186299
List the prime factors of 210397.
11, 31, 617
List the prime factors of 243945.
3, 5, 13, 139
What are the prime factors of 1316896?
2, 7, 5879
List the prime factors of 8373348.
2, 3, 31, 41, 61
List the prime factors of 9361588.
2, 2340397
What are the prime factors of 6184865?
5, 137, 9029
List the prime factors of 2428839.
3, 7, 71, 181
List the prime factors of 33996.
2, 3, 2833
What are the prime factors of 492678?
2, 3, 101, 271
List the prime factors of 927429.
3, 23, 13441
What are the prime factors of 754466?
2, 97, 3889
List the prime factors of 830956.
2, 7, 59, 503
What are the prime factors of 176630?
2, 5, 17, 1039
What are the prime factors of 354510?
2, 3, 5, 13, 101
List the prime factors of 348244.
2, 13, 37, 181
What are the prime factors of 21515148?
2, 3, 597643
What are the prime factors of 4735777?
31, 152767
List the prime factors of 719141.
23, 31267
List the prime factors of 752380.
2, 5, 37619
What